 -1220131201 + 1?
-1220131200
In base 8, what is 77701 + 4?
77705
In base 10, what is -1 - 83656?
-83657
In base 9, what is 27 + -1538?
-1511
In base 10, what is -22341 + 0?
-22341
In base 12, what is -4 - -276b3?
276ab
In base 15, what is 15ea4 - 15?
15e8e
In base 6, what is -543 + 13301?
12314
In base 10, what is 847839 + 5?
847844
In base 11, what is -38 + 8786?
8749
In base 14, what is 53 + 2ca?
33d
In base 14, what is -2d - 2608?
-2637
In base 12, what is -12 + -18899?
-188ab
In base 10, what is 24968 + 3?
24971
In base 11, what is -9 + -11065?
-11073
In base 8, what is -41204 - -4?
-41200
In base 10, what is -2 + 627812?
627810
In base 11, what is -1a53 + -90?
-2033
In base 7, what is 0 - 1036523?
-1036523
In base 16, what is -52 + -b2?
-104
In base 7, what is -516132 - 2?
-516134
In base 9, what is 16875 + 4?
16880
In base 6, what is 2 + -1352132?
-1352130
In base 16, what is 4de + -30?
4ae
In base 3, what is -10212002221 + 202?
-10212002012
In base 14, what is 25b76 - 13?
25b63
In base 11, what is 3373 - -630?
39a3
In base 2, what is 10000011010 - -11000010001?
101000101011
In base 2, what is 100100 - 100110011100000?
-100110010111100
In base 6, what is 13013204 + 0?
13013204
In base 13, what is -3 + 137c3?
137c0
In base 5, what is 22 + 113331?
113403
In base 7, what is -5 + 350?
342
In base 10, what is 343 - 3359?
-3016
In base 2, what is 111110110111011 + 1?
111110110111100
In base 16, what is 4 + -270d?
-2709
In base 14, what is -b + -5d4b?
-5d58
In base 3, what is 22000 - 22120012?
-22021012
In base 12, what is 4 - 1ba5?
-1ba1
In base 10, what is -17 + 378?
361
In base 2, what is 11111 + 101011111001?
101100011000
In base 15, what is -14910 + 4?
-1490b
In base 11, what is a - 1005?
-aa6
In base 12, what is 4 + 11579?
11581
In base 7, what is -204 + -1013?
-1220
In base 11, what is 5 - -20697?
206a1
In base 4, what is 31021312112 - 0?
31021312112
In base 4, what is 0 + -311331?
-311331
In base 7, what is 16634 + -26?
16605
In base 14, what is -a5 - 5725?
-57ca
In base 12, what is -569 + 46?
-523
In base 12, what is -a227 + -30?
-a257
In base 5, what is 21 - -140102?
140123
In base 11, what is 94237 + -3?
94234
In base 12, what is 3121 + 90?
31b1
In base 6, what is -10222231 - -1?
-10222230
In base 10, what is 3 + 1899?
1902
In base 5, what is 3201433 - 23?
3201410
In base 2, what is 1011111010010 - -111001?
1100000001011
In base 12, what is -374a5 + -1?
-374a6
In base 6, what is -52404 - 15?
-52423
In base 3, what is -2121 - -1101010?
1021112
In base 13, what is 537 - 1?
536
In base 12, what is -38449 + -1?
-3844a
In base 9, what is 1 + 1001243?
1001244
In base 7, what is -15335316 - 0?
-15335316
In base 7, what is -13646 + -645?
-14624
In base 8, what is 117 + -2055?
-1736
In base 2, what is -1111111100 - 100111111?
-10100111011
In base 7, what is 5 + 230624?
230632
In base 10, what is -4355 - 219?
-4574
In base 5, what is 14200 + 314?
20014
In base 15, what is 2bc - 161c?
-1350
In base 14, what is -3066 + -a?
-3072
In base 15, what is -366 - 21?
-387
In base 4, what is -3021 + 102031?
33010
In base 4, what is -12 + 2030313?
2030301
In base 2, what is -1110101010 - -111011111?
-111001011
In base 12, what is -30 - 2178?
-21a8
In base 6, what is 24 + -14531?
-14503
In base 12, what is -29452 + -26?
-29478
In base 8, what is 4 + 2074622?
2074626
In base 13, what is 2 - 40b3?
-40b1
In base 11, what is 2 + -94572?
-94570
In base 15, what is -406 + 2a?
-3cb
In base 11, what is 43a7 + -1?
43a6
In base 15, what is 3 - 6ebd0?
-6ebcc
In base 4, what is -21103213002 + 3?
-21103212333
In base 7, what is 63 + 55?
151
In base 5, what is -201131 - 123?
-201304
In base 2, what is -11110000110 - 0?
-11110000110
In base 16, what is 5 - 1d0e?
-1d09
In base 6, what is 510 + -104?
402
In base 16, what is -6bf - 49?
-708
In base 12, what is 5b + 1a3?
242
In base 5, what is 4211 - -411?
10122
In base 14, what is -4 - -ca125?
ca121
In base 9, what is -7 - -12552?
12544
In base 5, what is 2044231 + -2?
2044224
In base 10, what is 34 + -1608?
-1574
In base 11, what is -7645 - 17?
-7661
In base 12, what is -61 - b?
-70
In base 7, what is 3636 - -1415?
5354
In base 6, what is 202 + -102052?
-101450
In base 6, what is 32112 + 5?
32121
In base 3, what is 111012021201 + -121?
111012021010
In base 2, what is 10001 + -101011110?
-101001101
In base 16, what is -5 + -2888?
-288d
In base 10, what is -4 - 1575?
-1579
In base 12, what is -2 + -46655?
-46657
In base 10, what is -78173 + 15?
-78158
In base 13, what is -a + -6090?
-609a
In base 7, what is 1220 - -342?
1562
In base 12, what is -5 - -6b14?
6b0b
In base 13, what is a - c34?
-c27
In base 8, what is -4 - -11126?
11122
In base 12, what is 6a4 - -828?
1310
In base 16, what is -13 - -72f?
71c
In base 3, what is -10212221 + -211?
-10220202
In base 10, what is -2085200 - 5?
-2085205
In base 15, what is -3b41 + -3?
-3b44
In base 4, what is 310 - 3000223?
-2333313
In base 11, what is -832 - 203?
-a35
In base 11, what is -2 + -767?
-769
In base 14, what is 4 + 237b4?
237b8
In base 9, what is 162668 + -26?
162642
In base 12, what is -166 + -9ab?
-b55
In base 12, what is -8 - 21189?
-21195
In base 14, what is 1c9 - 7d?
14a
In base 14, what is -87 + 139a?
1313
In base 4, what is -20332112 - 10?
-20332122
In base 14, what is -3 + 10d4c5?
10d4c2
In base 7, what is 4624 - -660?
5614
In base 9, what is -5 + 233152?
233146
In base 11, what is -749 - 71?
-80a
In base 12, what is 880 - 69?
813
In base 10, what is -157905 + -4?
-157909
In base 15, what is cd5 - -17?
cec
In base 8, what is 5743107 + 1?
5743110
In base 10, what is -36526 - 1?
-36527
In base 4, what is -1000 - -21011031?
21010031
In base 16, what is -6e98 + -5?
-6e9d
In base 8, what is 4 - -65403?
65407
In base 8, what is 6 - 203101?
-203073
In base 4, what is 0 - -10330031220?
10330031220
In base 16, what is 147c - -11?
148d
In base 6, what is 152100 + -5?
152051
In base 6, what is -41045 + 14?
-41031
In base 11, what is 305 + -469?
-164
In base 8, what is 712001 - -4?
712005
In base 13, what is 26b - -2989?
2c27
In base 9, what is 0 + 2307?
2307
In base 3, what is 122201 - 10112?
112012
In base 7, what is -1416536 - -5?
-1416531
In base 13, what is 562 + 13?
575
In base 4, what is -1 + -32003300?
-32003301
In base 5, what is 11442 - 11?
11431
In base 4, what is -322213210 - -11?
-322213133
In base 3, what is 20 + 110100210220?
110100211010
In base 14, what is c380 - -8b?
c42b
In base 11, what is 5 - 1483?
-1479
In base 8, what is -135550 + -32?
-135602
In base 6, what is 23501 + -10?
23451
In base 3, what is 2 + -201020222?
-201020220
In base 16, what is -14b76 + 1?
-14b75
In base 2, what is -1010011001100001011010 + -10?
-1010011001100001011100
In base 7, what is -10354 - 136?
-10523
In base 3, what is 20211010012 - 1102?
20211001210
In base 11, what is -10a - 174?
-283
In base 5, what is -2 - -130324402?
130324400
In base 10, what is -4 + -5296?
-5300
In base 8, what is 36240 - -40?
36300
In base 16, what is 4 - -23?
27
In base 4, what is -113021 + -13303?
-132330
In base 11, what is 10a15 + -2?
10a13
In base 10, what is 229 + -10448?
-10219
In base 5, what is -4 - -111201042?
111201033
In base 8, what is -3245554 + -10?
-3245564
In base 9, what is -1567 - -227?
-1340
In base 5, what is 1202 - -230?
1432
In base 11, what is 828501 + 4?
828505
In base 2, what is -11110000110 + 11100?
-11101101010
In base 3, what is -12000 + 10012012?
10000012
In base 5, what is 44113 + -312?
43301
In base 9, what is 132336 + -5?
132331
In base 6, what is 3 + 3455101?
3455104
In base 14, what is -1516 + -58?
-1570
In base 11, what is 202 - 16?
197
In base 2, what is 100101011100001111100 - 100?
100101011100001111000
In base 5, what is 112 + -12424?
-12312
In base 3, what is 1122010000011 + -2?
1122010000002
In base 2, what is 1111 + -101101001111?
-101101000000
In base 16, what is -6 - -15ef0?
15eea
In base 12, what is 2b8 + -67?
251
In base 3, what is 21121 - 111212?
-20021
In base 6, what is 412 - -231?
1043
In base 10, what is 8 + 4307?
4315
In base 3, what is 110 + -121102?
-120222
In base 9, what is -5623 + 803?
-4720
In base 5, what is -10100144 + -11?
-10100210
In base 14, what is 101d8 + -6?
101d2
In base 9, what is -21311 - -13?
-21287
In base 5, what is 3304010 + -